{"id":41,"date":"2025-07-29T20:29:10","date_gmt":"2025-07-29T20:29:10","guid":{"rendered":"https:\/\/refil.com.ar\/test\/?page_id=41"},"modified":"2025-07-29T20:32:10","modified_gmt":"2025-07-29T20:32:10","slug":"productos-cartuchos-y-carcasas-cartuchos-sedimento","status":"publish","type":"page","link":"https:\/\/refil.com.ar\/test\/productos-cartuchos-y-carcasas-cartuchos-sedimento\/","title":{"rendered":"Productos Cartuchos y Carcasas \/ Cartuchos Sedimento"},"content":{"rendered":"<h2>Cartuchos Serie P<\/h2>\n<p><img decoding=\"async\" class=\"img-responsive img-derecha img-borde\" src=\"https:\/\/refil.com.ar\/images\/foto-productos-cartuchos-carcasas-cartuchos-sedimento-serie-p-1.jpg\" alt=\"Cartuchos Serie P\" \/><\/p>\n<p>Cartuchos Fibras de Polipropileno Centrifugadas y Fijadas T\u00e9rmicamente con Certificaci\u00f3n de la NSF Internacional.<\/p>\n<h3>Caracter\u00edsticas t\u00e9cnicas<\/h3>\n<p>&nbsp;<\/p>\n<ul class=\"fa-ul\">\n<li><i class=\"fa fa-li fa-circle-o\"><\/i> Medio filtrante: fibras de polipropileno.<\/li>\n<li><i class=\"fa fa-li fa-circle-o\"><\/i> Rango de temperatura: 4.4 \u00b0C a 62.8 \u00b0C.<\/li>\n<li><i class=\"fa fa-li fa-circle-o\"><\/i> Retenciones desde 1 \u00b5, 5 \u00b5 y 25 \u00b5 nominales.<\/li>\n<li><i class=\"fa fa-li fa-circle-o\"><\/i> Dimensiones: di\u00e1metro: 60 mm; largos: 10\u201d. 20\u201d, 30\u201d 50\u201d y 60\u201d nominales.<\/li>\n<\/ul>\n<p>&nbsp;<\/p>\n<p>&nbsp;<\/p>\n<p><a name=\"ps\"><\/a><\/p>\n<h2>Cartuchos Serie PS<\/h2>\n<p><img decoding=\"async\" class=\"img-responsive img-derecha img-borde\" src=\"https:\/\/refil.com.ar\/images\/foto-productos-cartuchos-carcasas-cartuchos-sedimento-serie-ps-1.jpg\" alt=\"Cartuchos Serie PS\" \/><\/p>\n<p>Cartuchos Fibras de Polipropileno Centrifugadas y Fijadas T\u00e9rmicamente.<\/p>\n<h3>Caracter\u00edsticas t\u00e9cnicas<\/h3>\n<p>&nbsp;<\/p>\n<ul class=\"fa-ul\">\n<li><i class=\"fa fa-li fa-circle-o\"><\/i> Medio filtrante: fibras de polipropileno.<\/li>\n<li><i class=\"fa fa-li fa-circle-o\"><\/i> Rango de temperatura: 4.4 \u00b0C a 62.8 \u00b0C.<\/li>\n<li><i class=\"fa fa-li fa-circle-o\"><\/i> Retenciones desde 1 \u00b5, 5 \u00b5 y 20 \u00b5 nominales.<\/li>\n<li><i class=\"fa fa-li fa-circle-o\"><\/i> Dimensiones: di\u00e1metro: 60 mm; largos: 10\u201d. 20\u201d, 30\u201d y 40\u201d Nominales.<\/li>\n<\/ul>\n<p>&nbsp;<\/p>\n<p>&nbsp;<\/p>\n<p><a name=\"pd\"><\/a><\/p>\n<h2>Cartuchos Serie PD<\/h2>\n<p><img decoding=\"async\" class=\"img-responsive img-derecha img-borde\" src=\"https:\/\/refil.com.ar\/images\/foto-productos-cartuchos-carcasas-cartuchos-sedimento-serie-pd-1.jpg\" alt=\"Cartuchos Serie PD\" \/><\/p>\n<p>Cartuchos de Polipropileno Ranurdos.<\/p>\n<h3>Caracter\u00edsticas t\u00e9cnicas<\/h3>\n<p>&nbsp;<\/p>\n<ul class=\"fa-ul\">\n<li><i class=\"fa fa-li fa-circle-o\"><\/i> Medio filtrante: fibras de Polipropileno.<\/li>\n<li><i class=\"fa fa-li fa-circle-o\"><\/i> Rango de temperaturas: 4.4 \u00b0C a 79.4 \u00b0C.<\/li>\n<li><i class=\"fa fa-li fa-circle-o\"><\/i> Retenciones: desde 1 \u00b5 a 50 \u00b5 nominales.<\/li>\n<li><i class=\"fa fa-li fa-circle-o\"><\/i> Dimensiones: di\u00e1metro: 64 mm; largos: 10\u201d, 30\u201d y 40\u201d nominales.<\/li>\n<\/ul>\n<p>&nbsp;<\/p>\n<p>&nbsp;<\/p>\n<p><a name=\"dgd\"><\/a><\/p>\n<h2>Cartuchos Serie DGD<\/h2>\n<p><img decoding=\"async\" class=\"img-responsive img-derecha img-borde\" src=\"https:\/\/refil.com.ar\/images\/foto-productos-cartuchos-carcasas-cartuchos-sedimento-serie-dgd-1.jpg\" alt=\"Cartuchos Serie DGD\" \/><\/p>\n<p>Cartuchos de Fibras Polipropileno de Densidad Dual.<\/p>\n<h3>Caracter\u00edsticas t\u00e9cnicas<\/h3>\n<p>&nbsp;<\/p>\n<ul class=\"fa-ul\">\n<li><i class=\"fa fa-li fa-circle-o\"><\/i> Medio filtrante: fibras de polipropileno.<\/li>\n<li><i class=\"fa fa-li fa-circle-o\"><\/i> Rango de temperaturas: 4.4 \u00b0C a 62.8 \u00b0C.<\/li>\n<li><i class=\"fa fa-li fa-circle-o\"><\/i> Retenciones: pre filtro: 25 \u00b5 a 75 \u00b5; post-filtro: 1 \u00b5 a 25 \u00b5 nominales.<\/li>\n<li><i class=\"fa fa-li fa-circle-o\"><\/i> Dimensiones: di\u00e1metro: 114 mm; largos: 10\u201d y 20\u201d nominales.<\/li>\n<\/ul>\n","protected":false},"excerpt":{"rendered":"<p>Cartuchos Serie P Cartuchos Fibras de Polipropileno Centrifugadas y Fijadas T\u00e9rmicamente con Certificaci\u00f3n de la NSF Internacional. Caracter\u00edsticas t\u00e9cnicas &nbsp; [&hellip;]<\/p>\n","protected":false},"author":1,"featured_media":0,"parent":0,"menu_order":0,"comment_status":"closed","ping_status":"closed","template":"","meta":{"site-sidebar-layout":"default","site-content-layout":"","ast-site-content-layout":"default","site-content-style":"default","site-sidebar-style":"default","ast-global-header-display":"","ast-banner-title-visibility":"","ast-main-header-display":"disabled","ast-hfb-above-header-display":"","ast-hfb-below-header-display":"","ast-hfb-mobile-header-display":"disabled","site-post-title":"disabled","ast-breadcrumbs-content":"","ast-featured-img":"","footer-sml-layout":"disabled","theme-transparent-header-meta":"default","adv-header-id-meta":"","stick-header-meta":"","header-above-stick-meta":"","header-main-stick-meta":"","header-below-stick-meta":"","astra-migrate-meta-layouts":"set","ast-page-background-enabled":"default","ast-page-background-meta":{"desktop":{"background-color":"var(--ast-global-color-5)","background-image":"","background-repeat":"repeat","background-position":"center center","background-size":"auto","background-attachment":"scroll","background-type":"","background-media":"","overlay-type":"","overlay-color":"","overlay-opacity":"","overlay-gradient":""},"tablet":{"background-color":"","background-image":"","background-repeat":"repeat","background-position":"center center","background-size":"auto","background-attachment":"scroll","background-type":"","background-media":"","overlay-type":"","overlay-color":"","overlay-opacity":"","overlay-gradient":""},"mobile":{"background-color":"","background-image":"","background-repeat":"repeat","background-position":"center center","background-size":"auto","background-attachment":"scroll","background-type":"","background-media":"","overlay-type":"","overlay-color":"","overlay-opacity":"","overlay-gradient":""}},"ast-content-background-meta":{"desktop":{"background-color":"var(--ast-global-color-4)","background-image":"","background-repeat":"repeat","background-position":"center center","background-size":"auto","background-attachment":"scroll","background-type":"","background-media":"","overlay-type":"","overlay-color":"","overlay-opacity":"","overlay-gradient":""},"tablet":{"background-color":"var(--ast-global-color-4)","background-image":"","background-repeat":"repeat","background-position":"center center","background-size":"auto","background-attachment":"scroll","background-type":"","background-media":"","overlay-type":"","overlay-color":"","overlay-opacity":"","overlay-gradient":""},"mobile":{"background-color":"var(--ast-global-color-4)","background-image":"","background-repeat":"repeat","background-position":"center center","background-size":"auto","background-attachment":"scroll","background-type":"","background-media":"","overlay-type":"","overlay-color":"","overlay-opacity":"","overlay-gradient":""}},"footnotes":""},"class_list":["post-41","page","type-page","status-publish","hentry"],"_links":{"self":[{"href":"https:\/\/refil.com.ar\/test\/wp-json\/wp\/v2\/pages\/41","targetHints":{"allow":["GET"]}}],"collection":[{"href":"https:\/\/refil.com.ar\/test\/wp-json\/wp\/v2\/pages"}],"about":[{"href":"https:\/\/refil.com.ar\/test\/wp-json\/wp\/v2\/types\/page"}],"author":[{"embeddable":true,"href":"https:\/\/refil.com.ar\/test\/wp-json\/wp\/v2\/users\/1"}],"replies":[{"embeddable":true,"href":"https:\/\/refil.com.ar\/test\/wp-json\/wp\/v2\/comments?post=41"}],"version-history":[{"count":2,"href":"https:\/\/refil.com.ar\/test\/wp-json\/wp\/v2\/pages\/41\/revisions"}],"predecessor-version":[{"id":43,"href":"https:\/\/refil.com.ar\/test\/wp-json\/wp\/v2\/pages\/41\/revisions\/43"}],"wp:attachment":[{"href":"https:\/\/refil.com.ar\/test\/wp-json\/wp\/v2\/media?parent=41"}],"curies":[{"name":"wp","href":"https:\/\/api.w.org\/{rel}","templated":true}]}}