{"id":44,"date":"2025-07-29T20:34:12","date_gmt":"2025-07-29T20:34:12","guid":{"rendered":"https:\/\/refil.com.ar\/test\/?page_id=44"},"modified":"2025-07-29T20:34:12","modified_gmt":"2025-07-29T20:34:12","slug":"productos-cartuchos-y-carcasas-cartuchos-carbon-activado","status":"publish","type":"page","link":"https:\/\/refil.com.ar\/test\/productos-cartuchos-y-carcasas-cartuchos-carbon-activado\/","title":{"rendered":"Productos Cartuchos y Carcasas \/ Cartuchos Carb\u00f3n Activado"},"content":{"rendered":"<h2>Cartuchos Series EP y EPM<\/h2>\n<p><img decoding=\"async\" class=\"img-responsive img-derecha img-borde\" src=\"https:\/\/refil.com.ar\/images\/foto-productos-cartuchos-carcasas-cartuchos-carbon-activado-series-ep-y-epm-1.jpg\" alt=\"Cartuchos Series EP y EPM\" \/><\/p>\n<p>Cartuchos con Bloque de Carb\u00f3n Activado.<\/p>\n<h2>Serie EP<\/h2>\n<h3>Descripci\u00f3n<\/h3>\n<p>&nbsp;<\/p>\n<ul class=\"fa-ul\">\n<li><i class=\"fa fa-li fa-circle-o\"><\/i> Bloque poroso de carb\u00f3n activado, con envolvente de un laminado de poliolefina, que act\u00faa como pre-filtro para proteger al bloque de carb\u00f3n.<\/li>\n<li><i class=\"fa fa-li fa-circle-o\"><\/i> Alta capacidad de reducci\u00f3n de sabores y olores provenientes del cloro u otros contaminantes.<\/li>\n<li><i class=\"fa fa-li fa-circle-o\"><\/i> Todos los materiales cumplen con los requisitos de la <strong>FDA<\/strong> y <strong>NSF<\/strong>.<\/li>\n<\/ul>\n<p>&nbsp;<\/p>\n<h2>Serie EPM<\/h2>\n<h3>Descripci\u00f3n<\/h3>\n<p>&nbsp;<\/p>\n<ul class=\"fa-ul\">\n<li><i class=\"fa fa-li fa-circle-o\"><\/i> Caracter\u00edsticas: similares a <strong>Serie EP<\/strong>, pero con retenci\u00f3n 10\u00b5 nominal.<\/li>\n<li><i class=\"fa fa-li fa-circle-o\"><\/i> Protegido por un laminado poroso de poliolefina <strong>Eudowrap<\/strong>, que act\u00faa como pre-filtro.<\/li>\n<\/ul>\n<p>&nbsp;<\/p>\n<h3>Caracter\u00edsticas t\u00e9cnicas<\/h3>\n<p>&nbsp;<\/p>\n<ul class=\"fa-ul\">\n<li><i class=\"fa fa-li fa-circle-o\"><\/i> Materiales: carb\u00f3n activado, extremos de polipropileno, envolvente de poliolefina.<\/li>\n<li><i class=\"fa fa-li fa-circle-o\"><\/i> Rango de temperatura: de 4.4 \u00b0C a 82.2 \u00b0C.<\/li>\n<li><i class=\"fa fa-li fa-circle-o\"><\/i> Retenci\u00f3n EP: 5\u00b5 nominal.<\/li>\n<li><i class=\"fa fa-li fa-circle-o\"><\/i> Retenci\u00f3n EPM: 10\u00b5 nominal.<\/li>\n<li><i class=\"fa fa-li fa-circle-o\"><\/i> Dimensiones: di\u00e1metro: 73mm o 118 mm (Big Blue). Largos: 10\u02ee, 20\u02ee y 30\u02ee.<\/li>\n<\/ul>\n<p>&nbsp;<\/p>\n<h3>Aplicaciones<\/h3>\n<p>&nbsp;<\/p>\n<ul class=\"fa-ul\">\n<li><i class=\"fa fa-li fa-circle-o\"><\/i> Purificaci\u00f3n de agua.<\/li>\n<li><i class=\"fa fa-li fa-circle-o\"><\/i> Productos qu\u00edmicos y farmac\u00e9uticos.<\/li>\n<li><i class=\"fa fa-li fa-circle-o\"><\/i> Bebidas y productos alimenticios.<\/li>\n<li><i class=\"fa fa-li fa-circle-o\"><\/i> Numerosas aplicaciones comerciales e industriales.<\/li>\n<\/ul>\n<p>&nbsp;<\/p>\n<p>&nbsp;<\/p>\n<p><a name=\"dfx\"><\/a><\/p>\n<h2>Cartuchos Pentek DFX<\/h2>\n<p><img decoding=\"async\" class=\"img-responsive img-derecha img-borde\" src=\"https:\/\/refil.com.ar\/images\/foto-productos-cartuchos-carcasas-cartuchos-carbon-activado-pentek-dfx-1.jpg\" alt=\"Cartuchos Pentek DFX\" \/><\/p>\n<p>Los cartuchos DFX, Diamond Flow, ofrecen efectiva reducci\u00f3n de olor y sabor a Cloro junto con disminuci\u00f3n de sedimentos, lo que evita que el cartucho se obstruya prematuramente. Estos carbones doble prop\u00f3sito se adaptan a un amplio rango de aplicaciones<\/p>\n<h3>Caracter\u00edsticas<\/h3>\n<p>&nbsp;<\/p>\n<ul class=\"fa-ul\">\n<li><i class=\"fa fa-li fa-circle-o\"><\/i> Gran capacidad de retenci\u00f3n de sedimentos lo que alarga la vida del cartucho de carb\u00f3n.<\/li>\n<li><i class=\"fa fa-li fa-circle-o\"><\/i> Reduce el sabor y olor a cloro.<\/li>\n<li><i class=\"fa fa-li fa-circle-o\"><\/i> Disponible en 10 micrones.<\/li>\n<li><i class=\"fa fa-li fa-circle-o\"><\/i> Dos veces m\u00e1s resistente a la obstrucci\u00f3n que el carb\u00f3n en bloque tradicional.<\/li>\n<li><i class=\"fa fa-li fa-circle-o\"><\/i> Baja ca\u00edda de presi\u00f3n.<\/li>\n<\/ul>\n<p>&nbsp;<\/p>\n<p>&nbsp;<\/p>\n<p><a name=\"inline\"><\/a><\/p>\n<h2>Filtros In-Line<\/h2>\n<p><img decoding=\"async\" class=\"img-responsive img-derecha img-borde\" src=\"https:\/\/refil.com.ar\/images\/foto-productos-cartuchos-carcasas-cartuchos-carbon-activado-filtros-inline-1.jpg\" alt=\"Filtros In-Line\" \/><\/p>\n<p>La l\u00ednea de filtros in-line contiene una combinaci\u00f3n de carb\u00f3n activado granular y cristales de polifosfato que reducen el gusto y olor a Cloro e inhiben la formaci\u00f3n de sarro.<\/p>\n<p>Fabricados en polipropileno, pueden soportar presiones de hasta 125 psi y se presenta con conexiones de \u00bc\u2019\u2019 NPT.<\/p>\n<p>Los filtros In-Line son la opci\u00f3n ideal para bajo-mesada, post-Osmosis Inversa, etc.<\/p>\n<h3>Especificaciones y datos de desempe\u00f1o<\/h3>\n<div class=\"table-responsive topmar-sm\">\n<table class=\"table table-bordered\" cellspacing=\"0\" cellpadding=\"0\">\n<tbody>\n<tr>\n<td align=\"center\"><strong>Modelo<\/strong><\/td>\n<td align=\"center\"><strong>Medio<\/strong><\/td>\n<td align=\"center\"><strong>Dimensiones Vida<\/strong><\/td>\n<td align=\"center\"><strong>\u00datil estimada<\/strong><\/td>\n<td align=\"center\"><strong>Caudal<\/strong><\/td>\n<\/tr>\n<tr>\n<td align=\"center\">IC-101L<\/td>\n<td align=\"center\">C\u00e1scara coco (GAC)<\/td>\n<td align=\"center\">51 mm x 270 mm<\/td>\n<td align=\"center\">9460 L<\/td>\n<td align=\"center\">2,8 Lpm<\/td>\n<\/tr>\n<tr>\n<td align=\"center\">TS-101L<\/td>\n<td align=\"center\">Fosfato\/GAC<\/td>\n<td align=\"center\">51 mm x 270 mm<\/td>\n<td align=\"center\">6450 L<\/td>\n<td align=\"center\">2,8 Lpm<\/td>\n<\/tr>\n<\/tbody>\n<\/table>\n<p>&nbsp;<\/p>\n<\/div>\n","protected":false},"excerpt":{"rendered":"<p>Cartuchos Series EP y EPM Cartuchos con Bloque de Carb\u00f3n Activado. Serie EP Descripci\u00f3n &nbsp; Bloque poroso de carb\u00f3n activado, [&hellip;]<\/p>\n","protected":false},"author":1,"featured_media":0,"parent":0,"menu_order":0,"comment_status":"closed","ping_status":"closed","template":"","meta":{"site-sidebar-layout":"default","site-content-layout":"","ast-site-content-layout":"default","site-content-style":"default","site-sidebar-style":"default","ast-global-header-display":"","ast-banner-title-visibility":"","ast-main-header-display":"disabled","ast-hfb-above-header-display":"","ast-hfb-below-header-display":"","ast-hfb-mobile-header-display":"disabled","site-post-title":"disabled","ast-breadcrumbs-content":"","ast-featured-img":"","footer-sml-layout":"disabled","theme-transparent-header-meta":"default","adv-header-id-meta":"","stick-header-meta":"","header-above-stick-meta":"","header-main-stick-meta":"","header-below-stick-meta":"","astra-migrate-meta-layouts":"set","ast-page-background-enabled":"default","ast-page-background-meta":{"desktop":{"background-color":"var(--ast-global-color-5)","background-image":"","background-repeat":"repeat","background-position":"center center","background-size":"auto","background-attachment":"scroll","background-type":"","background-media":"","overlay-type":"","overlay-color":"","overlay-opacity":"","overlay-gradient":""},"tablet":{"background-color":"","background-image":"","background-repeat":"repeat","background-position":"center center","background-size":"auto","background-attachment":"scroll","background-type":"","background-media":"","overlay-type":"","overlay-color":"","overlay-opacity":"","overlay-gradient":""},"mobile":{"background-color":"","background-image":"","background-repeat":"repeat","background-position":"center center","background-size":"auto","background-attachment":"scroll","background-type":"","background-media":"","overlay-type":"","overlay-color":"","overlay-opacity":"","overlay-gradient":""}},"ast-content-background-meta":{"desktop":{"background-color":"var(--ast-global-color-4)","background-image":"","background-repeat":"repeat","background-position":"center center","background-size":"auto","background-attachment":"scroll","background-type":"","background-media":"","overlay-type":"","overlay-color":"","overlay-opacity":"","overlay-gradient":""},"tablet":{"background-color":"var(--ast-global-color-4)","background-image":"","background-repeat":"repeat","background-position":"center center","background-size":"auto","background-attachment":"scroll","background-type":"","background-media":"","overlay-type":"","overlay-color":"","overlay-opacity":"","overlay-gradient":""},"mobile":{"background-color":"var(--ast-global-color-4)","background-image":"","background-repeat":"repeat","background-position":"center center","background-size":"auto","background-attachment":"scroll","background-type":"","background-media":"","overlay-type":"","overlay-color":"","overlay-opacity":"","overlay-gradient":""}},"footnotes":""},"class_list":["post-44","page","type-page","status-publish","hentry"],"_links":{"self":[{"href":"https:\/\/refil.com.ar\/test\/wp-json\/wp\/v2\/pages\/44","targetHints":{"allow":["GET"]}}],"collection":[{"href":"https:\/\/refil.com.ar\/test\/wp-json\/wp\/v2\/pages"}],"about":[{"href":"https:\/\/refil.com.ar\/test\/wp-json\/wp\/v2\/types\/page"}],"author":[{"embeddable":true,"href":"https:\/\/refil.com.ar\/test\/wp-json\/wp\/v2\/users\/1"}],"replies":[{"embeddable":true,"href":"https:\/\/refil.com.ar\/test\/wp-json\/wp\/v2\/comments?post=44"}],"version-history":[{"count":1,"href":"https:\/\/refil.com.ar\/test\/wp-json\/wp\/v2\/pages\/44\/revisions"}],"predecessor-version":[{"id":45,"href":"https:\/\/refil.com.ar\/test\/wp-json\/wp\/v2\/pages\/44\/revisions\/45"}],"wp:attachment":[{"href":"https:\/\/refil.com.ar\/test\/wp-json\/wp\/v2\/media?parent=44"}],"curies":[{"name":"wp","href":"https:\/\/api.w.org\/{rel}","templated":true}]}}