{"id":48,"date":"2025-07-29T20:46:30","date_gmt":"2025-07-29T20:46:30","guid":{"rendered":"https:\/\/refil.com.ar\/test\/?page_id=48"},"modified":"2025-07-29T20:47:21","modified_gmt":"2025-07-29T20:47:21","slug":"productos-cartuchos-y-carcasas-bolsas","status":"publish","type":"page","link":"https:\/\/refil.com.ar\/test\/productos-cartuchos-y-carcasas-bolsas\/","title":{"rendered":"Productos Cartuchos y Carcasas \/ Bolsas"},"content":{"rendered":"<h2>Bolsas Series WP, WC y UF<\/h2>\n<p><img decoding=\"async\" class=\"img-responsive img-derecha img-borde\" src=\"https:\/\/refil.com.ar\/images\/foto-productos-cartuchos-carcasas-bolsas-1.jpg\" alt=\"Bolsas Series WP, WC y UF\" \/><\/p>\n<p>Bolsas para Filtraci\u00f3n de L\u00edquidos.<\/p>\n<h3>Descripci\u00f3n<\/h3>\n<p>&nbsp;<\/p>\n<ul class=\"fa-ul\">\n<li><i class=\"fa fa-li fa-circle-o\"><\/i> Confecci\u00f3n controlada que asegura calidad y no-contaminaci\u00f3n.<\/li>\n<li><i class=\"fa fa-li fa-circle-o\"><\/i> Dise\u00f1o especial para mayor resistencia y evitar fugas.<\/li>\n<li><i class=\"fa fa-li fa-circle-o\"><\/i> S\u00f3lida manija que facilita la colocaci\u00f3n y la extracci\u00f3n.<\/li>\n<\/ul>\n<p>&nbsp;<\/p>\n<h3>Caracter\u00edsticas T\u00e9cnicas<\/h3>\n<p>&nbsp;<\/p>\n<ul class=\"fa-ul\">\n<li><i class=\"fa fa-li fa-circle-o\"><\/i> Medio filtrante: fieltro de polipropileno o poli\u00e9ster; monofilamento tejido de nylon, poli\u00e9ster o polipropileno; multifilamento tejido de nylon o poli\u00e9ster.<\/li>\n<li><i class=\"fa fa-li fa-circle-o\"><\/i> Disponible en retenciones entre 1 \u00b5 a 1500 \u00b5, dependiendo del tipo de medio filtrante.<\/li>\n<li><i class=\"fa fa-li fa-circle-o\"><\/i> Aro de acero al carbono, acero inoxidable o polipropileno.<\/li>\n<\/ul>\n<p>&nbsp;<\/p>\n<h3>Aplicaciones<\/h3>\n<p>&nbsp;<\/p>\n<ul class=\"fa-ul\">\n<li><i class=\"fa fa-li fa-circle-o\"><\/i> Pinturas, tintas, resinas, lacas, barnices.<\/li>\n<li><i class=\"fa fa-li fa-circle-o\"><\/i> Productos alimenticios.<\/li>\n<li><i class=\"fa fa-li fa-circle-o\"><\/i> Tratamiento de agua.<\/li>\n<li><i class=\"fa fa-li fa-circle-o\"><\/i> Prefiltraci\u00f3n en l\u00edneas de proceso.<\/li>\n<li><i class=\"fa fa-li fa-circle-o\"><\/i> Como filtro de seguridad despu\u00e9s de filtros que utilizan auxiliares filtrantes como diatomea.<\/li>\n<\/ul>\n","protected":false},"excerpt":{"rendered":"<p>Bolsas Series WP, WC y UF Bolsas para Filtraci\u00f3n de L\u00edquidos. Descripci\u00f3n &nbsp; Confecci\u00f3n controlada que asegura calidad y no-contaminaci\u00f3n. [&hellip;]<\/p>\n","protected":false},"author":1,"featured_media":0,"parent":0,"menu_order":0,"comment_status":"closed","ping_status":"closed","template":"","meta":{"site-sidebar-layout":"default","site-content-layout":"","ast-site-content-layout":"default","site-content-style":"default","site-sidebar-style":"default","ast-global-header-display":"","ast-banner-title-visibility":"","ast-main-header-display":"disabled","ast-hfb-above-header-display":"","ast-hfb-below-header-display":"","ast-hfb-mobile-header-display":"disabled","site-post-title":"disabled","ast-breadcrumbs-content":"","ast-featured-img":"","footer-sml-layout":"disabled","theme-transparent-header-meta":"default","adv-header-id-meta":"","stick-header-meta":"","header-above-stick-meta":"","header-main-stick-meta":"","header-below-stick-meta":"","astra-migrate-meta-layouts":"set","ast-page-background-enabled":"default","ast-page-background-meta":{"desktop":{"background-color":"var(--ast-global-color-5)","background-image":"","background-repeat":"repeat","background-position":"center center","background-size":"auto","background-attachment":"scroll","background-type":"","background-media":"","overlay-type":"","overlay-color":"","overlay-opacity":"","overlay-gradient":""},"tablet":{"background-color":"","background-image":"","background-repeat":"repeat","background-position":"center center","background-size":"auto","background-attachment":"scroll","background-type":"","background-media":"","overlay-type":"","overlay-color":"","overlay-opacity":"","overlay-gradient":""},"mobile":{"background-color":"","background-image":"","background-repeat":"repeat","background-position":"center center","background-size":"auto","background-attachment":"scroll","background-type":"","background-media":"","overlay-type":"","overlay-color":"","overlay-opacity":"","overlay-gradient":""}},"ast-content-background-meta":{"desktop":{"background-color":"var(--ast-global-color-4)","background-image":"","background-repeat":"repeat","background-position":"center center","background-size":"auto","background-attachment":"scroll","background-type":"","background-media":"","overlay-type":"","overlay-color":"","overlay-opacity":"","overlay-gradient":""},"tablet":{"background-color":"var(--ast-global-color-4)","background-image":"","background-repeat":"repeat","background-position":"center center","background-size":"auto","background-attachment":"scroll","background-type":"","background-media":"","overlay-type":"","overlay-color":"","overlay-opacity":"","overlay-gradient":""},"mobile":{"background-color":"var(--ast-global-color-4)","background-image":"","background-repeat":"repeat","background-position":"center center","background-size":"auto","background-attachment":"scroll","background-type":"","background-media":"","overlay-type":"","overlay-color":"","overlay-opacity":"","overlay-gradient":""}},"footnotes":""},"class_list":["post-48","page","type-page","status-publish","hentry"],"_links":{"self":[{"href":"https:\/\/refil.com.ar\/test\/wp-json\/wp\/v2\/pages\/48","targetHints":{"allow":["GET"]}}],"collection":[{"href":"https:\/\/refil.com.ar\/test\/wp-json\/wp\/v2\/pages"}],"about":[{"href":"https:\/\/refil.com.ar\/test\/wp-json\/wp\/v2\/types\/page"}],"author":[{"embeddable":true,"href":"https:\/\/refil.com.ar\/test\/wp-json\/wp\/v2\/users\/1"}],"replies":[{"embeddable":true,"href":"https:\/\/refil.com.ar\/test\/wp-json\/wp\/v2\/comments?post=48"}],"version-history":[{"count":2,"href":"https:\/\/refil.com.ar\/test\/wp-json\/wp\/v2\/pages\/48\/revisions"}],"predecessor-version":[{"id":50,"href":"https:\/\/refil.com.ar\/test\/wp-json\/wp\/v2\/pages\/48\/revisions\/50"}],"wp:attachment":[{"href":"https:\/\/refil.com.ar\/test\/wp-json\/wp\/v2\/media?parent=48"}],"curies":[{"name":"wp","href":"https:\/\/api.w.org\/{rel}","templated":true}]}}